{"id":115,"date":"2019-07-11T16:48:43","date_gmt":"2019-07-11T14:48:43","guid":{"rendered":"http:\/\/hm-weissenseifen.de\/web\/?page_id=115"},"modified":"2022-01-25T11:43:07","modified_gmt":"2022-01-25T10:43:07","slug":"datenschutz","status":"publish","type":"page","link":"https:\/\/hm-weissenseifen.de\/web\/datenschutz\/","title":{"rendered":"Datenschutz"},"content":{"rendered":"\n<p><strong>Allgemeines<br><\/strong>Die Sicherheit Ihrer Daten ist unsere Intention. Wir freuen uns \u00fcber Ihre Beachtung an unserem Unternehmen und unseren Produkten bzw. Dienstleistungen. Wir legen gro\u00dfen Wert darauf, dass Sie sich beim Besuch unserer Internetseiten auch bez\u00fcglich des Schutzes Ihrer personenbezogenen Daten Sicherheit versp\u00fcren. Wir nehmen uns der Sicherheit und den Schutz Ihrer personenbezogenen Daten an. Die Einhaltung der datenschutzrechtlichen Bestimmungen hat bei uns h\u00f6chste Priorit\u00e4t. Wir informieren Sie gerne, wann wir welche Daten erheben und wie wir sie verwenden. Technische und organisatorische Ma\u00dfnahmen sind getroffen, um die Sicherstellung der Vorschriften \u00fcber den Datenschutz zu gew\u00e4hrleisten. Diese trifft auch auf unsere externen beauftragten Dienstleister zu. Dieser Datenschutzhinweis bezieht sich allein auf unser Internetangebot. Sollten Sie \u00fcber Hyperlinks auf Internetseiten Dritter gelangen, weisen wir darauf hin, dass f\u00fcr den Inhalt der verlinkten Seiten ausschlie\u00dflich deren Betreiber verantwortlich sind.<\/p>\n\n\n\n<p><strong>Verantwortliche Stelle<br><\/strong>Verantwortliche Stelle i.S.d. Datenschutzgrundverordnung (DSGVO) und zugleich Diensteanbieter:<br>Haus Michael e.V., Dorfstra\u00dfe 5, 54597 Hersdorf-Wei\u00dfenseifen<\/p>\n\n\n\n<p><strong>Kontaktdaten unseres Datenschutzbeauftragten:<br> <\/strong>Hr. Johannes Schl\u00fctter, net.ter GmbH, Kaistra\u00dfe 5, 402221 D\u00fcsseldorf<br> Tel. 0211 \/ 972 635 0, E-Mail: <a href=\"mailto:datenschutz@netter-protect.de\">datenschutz@netter-protect.de<\/a><br> Internet: <a href=\"https:\/\/www.netter-protect.de\">https:\/\/www.netter-protect.de<\/a><br> Hr. Schl\u00fctter steht Ihnen bei Fragen zum Datenschutz gerne zur Verf\u00fcgung.<br><\/p>\n\n\n\n<p><strong>Zweckbestimmung und Rechtsgrundlage f\u00fcr die Verarbeitung, zudem die Empf\u00e4nger bei \u00dcbermittlung Ihrer Daten<br><\/strong>Durch die Nutzung unserer Website erheben wir Ihre IP-Adresse und verbinden damit Nutzungsdaten (Datum und Uhrzeit der Aufrufe, besuchte Webseiten, verwendeter Browser). Diese Daten nutzen wir, um Ihnen eine sichere Verbindung mit unserem Webserver zu erm\u00f6glichen (Session-Cookie) und allgemeine, nicht personenbezogenen Statistiken zu erstellen (Anzahl der Klicks auf unsere Website, am h\u00e4ufigsten besuchte Seiten usw.). Der Zweck unserer Verarbeitungen besteht ausschlie\u00dflich darin unsere Leistungen durchf\u00fchren zu k\u00f6nnen und diese zu verbessern. Weitere Zwecke gibt es nicht. Wir bewahren Ihre Daten nach der Nutzung ausschlie\u00dflich anhand der gesetzlichen Bestimmungen auf. Eine Nutzung der Daten dar\u00fcber hinaus erfolgt nicht. Eine \u00dcbermittlung Ihrer Daten an Dritte erfolgt ebenfalls nicht. Sofern wir weitere Daten von Ihnen erheben, fragen wir Sie danach und bitten Sie um Ihre Einwilligung hierzu.<\/p>\n\n\n\n<p><strong>Erl\u00e4uterung zu Ihren Rechten aus dem Datenschutzgesetz<br><\/strong>Durch das Datenschutzrecht verf\u00fcgen Sie \u00fcber bestimmte Schutz-Rechte, \u00fcber die wir Sie hier gerne informieren. Dieses geschieht, um Ihnen die Aus\u00fcbung Ihrer Rechte zu erleichtern.<\/p>\n\n\n\n<p><strong>Auskunftsrecht<br><\/strong>Wir erteilen Ihnen gerne auf Anfrage Auskunft zu den \u00fcber Sie gespeicherten Daten (inkl. Zweck der Verarbeitung, Kategorien der verarbeiteten Daten, evtl. Empf\u00e4nger bei \u00dcbermittlungen, Aufbewahrungsdauer).<\/p>\n\n\n\n<p><strong>Berichtigungsrecht, Einschr\u00e4nkung der Datenverarbeitung und L\u00f6schrecht<br><\/strong>Sie haben das Recht, dass wir Daten berichtigen oder auch l\u00f6schen, sofern Sie dieses w\u00fcnschen. Zudem haben Sie das Recht, eine Einschr\u00e4nkung der Datenverarbeitung vornehmen zu lassen.<\/p>\n\n\n\n<p><strong>Daten\u00fcbertragbarkeit<br><\/strong>F\u00fcr alle Daten, die wir auf Grund Ihrer Einwilligung verarbeiten, besteht das Recht, dass wir diese Daten auf Ihren Antrag hin in einem strukturierten, g\u00e4ngigen und maschinenlesbaren Format bereitstellen.<\/p>\n\n\n\n<p><strong>Widerspruchsrecht<br><\/strong>Sie haben das Recht der Datenverarbeitung durch uns zu widersprechen. \u00dcber etwaige Folgen f\u00fcr unser Vertrags- \/ Leistungsverh\u00e4ltnis informieren wir Sie gerne.<\/p>\n\n\n\n<p><strong>Beschwerderecht bei der Aufsichtsbeh\u00f6rde<br><\/strong>Sie haben das Rechte zur Beschwerde bei unserer Datenschutz-Aufsichtsbeh\u00f6rde. Die Kontaktdaten teilen wir Ihnen gerne auf Anfrage mit.<\/p>\n\n\n\n<p><strong>Verwendung nicht personenbezogener Daten<br><\/strong>Bei der Nutzung unserer Internetseiten werden aus organisatorischen und technischen Gr\u00fcnden nachfolgende Daten gespeichert: Namen der von Ihnen aufgerufenen Seiten, genutzter Browser und das Betriebssystems, Datum und Uhrzeit des Zugangs, verwendete Suchmaschine, Namen herunter geladener Dateien. Wir analysieren diese technischen Daten anonym und werten diese lediglich zu statistischen Zwecken aus. Dieses dient dazu, um unsere Internetpr\u00e4senz weiter zu optimieren und die Angebote weiter attraktiv gestalten zu k\u00f6nnen. Diese Daten werden getrennt von anderen personenbezogenen Daten auf sicheren Servern gespeichert. R\u00fcckschlussm\u00f6glichkeiten auf einzelne Person sind nicht m\u00f6glich.<\/p>\n\n\n\n<p><strong>Verwendung personenbezogener Daten<br><\/strong>Die von Ihnen zur Verf\u00fcgung gestellten personenbezogenen Daten verwenden wir im Allgemeinen, um Ihre Anfragen zu beantworten, Ihre Auftr\u00e4ge zu bearbeiten oder Ihnen Zugang zu bestimmten Informationen oder Angeboten zu verschaffen. Wir werden die von Ihnen online zur Verf\u00fcgung gestellten personenbezogenen Daten nur f\u00fcr die Ihnen mitgeteilten Zwecke erheben, verarbeiten und nutzen.<\/p>\n\n\n\n<p><strong>Weitergabe von Daten an Dritte<br><\/strong>Eine Weitergabe Ihrer personenbezogenen Daten an Dritte erfolgt ausschlie\u00dflich mit Ihrer ausdr\u00fccklichen Einwilligung. Erhebungen von personenbezogenen Daten sowie deren \u00dcbermittlung an auskunftsberechtigte staatliche Institutionen und Beh\u00f6rden erfolgen nur im Rahmen der einschl\u00e4gigen Gesetze bzw. sofern wir durch eine gerichtliche Entscheidung dazu verpflichtet sind. Wir werden Ihre personenbezogenen Daten weder an Dritte verkaufen noch anderweitig vermarkten.<\/p>\n\n\n\n<p><strong>Verwendung von Cookies<br><\/strong>Unsere Internetseiten gebraucht an manchen Stellen Cookies. Dadurch kann es sein, dass wir Informationen in Form eines Cookies auf Ihrem Computer ablegen. Cookies sind kleine Text-Dateien, die von einem Webserver an Ihren Browser gesendet und auf die Festplatte Ihres Computers gespeichert werden. Die am meisten gebrauchten Cookies sind Session-Cookies, die nach Verlassen unserer Internetseite automatisch gel\u00f6scht werden. Selbstverst\u00e4ndlich k\u00f6nnen Sie unsere Websites auch ohne Cookies betrachten. Sie k\u00f6nnen das Speichern von Cookies auf Ihrer Festplatte verhindern, indem Sie in Ihren Browser-Einstellungen &#8222;keine Cookies akzeptieren&#8220; w\u00e4hlen. Wie das im Einzelnen funktioniert, entnehmen Sie bitte der Anleitung Ihres Browser- Herstellers. Wenn Sie keine Cookies akzeptieren, kann dieses aber zu Funktionseinschr\u00e4nkungen unserer Angebote f\u00fchren.<\/p>\n\n\n\n<p><strong>Datensicherheit<br><\/strong>Wir haben technische und organisatorische Sicherheitsma\u00dfnahmen getroffen, um Ihre personenbezogenen Daten vor Verlust, Zerst\u00f6rung, Manipulation und unberechtigtem Zugriff zu sch\u00fctzen. Unsere Sicherungsma\u00dfnahmen werden entsprechend der technologischen Entwicklung fortlaufend \u00fcberarbeitet. Im Falle der Erhebung und Verarbeitung pers\u00f6nlicher Daten werden die Informationen in verschl\u00fcsselter Form \u00fcbertragen, um einem Missbrauch der Daten durch Dritte vorzubeugen.<\/p>\n\n\n\n<p><strong>Social Media<br><\/strong>Wir benutzen Social-Media-Kan\u00e4le:<br>&#8211; Facebook<br>\u00dcber die dort stattfindende Datenverarbeitung informieren wir Sie hiermit. Grunds\u00e4tzlich erfolgt die Verarbeitung in diesen Kan\u00e4len in sogenannter gemeinsamer Verantwortung. Dabei best\u00e4tigen Sie bei den entsprechenden Anbietern bereits deren Gesch\u00e4fts- und\/oder Datenschutzbestimmungen. Im Rahmen dieser Bedingungen nutzen wir die uns zur Verf\u00fcgung stehenden Statistikwerkzeuge, um unsere Social-Media-Pr\u00e4senz zu verbessern und weiterzuentwickeln. Bitten nehmen Sie hierzu besonders die oben genannten Gesch\u00e4fts- und\/oder Datenschutzbestimmungen der jeweiligen Anbieter zur Kenntnis:<br><a href=\"https:\/\/www.facebook.com\/privacy\/explanation\">https:\/\/www.facebook.com\/privacy\/explanation<\/a><\/p>\n\n\n\n<p><strong>Ihre Rechte<br><\/strong>Sie k\u00f6nnen jederzeit Auskunft \u00fcber die von uns \u00fcber Sie gespeicherten Daten bekommen. Zudem haben Sie ggf. das Recht auf Berichtigung oder L\u00f6schung oder auf Einschr\u00e4nkung dieser Daten. Bei Bedarf schreiben Sie bitte an:<br> <a href=\"mailto:HausMichael@t-online.de\">HausMichael@t-online.de<\/a><\/p>\n\n\n\n<p><strong>Aktualisierung dieses Datenschutzhinweises<br><\/strong>Wir behalten uns das Recht vor, die Datenschutzhinweise zwecks \u00c4nderungen an Gesetzgebungen oder Rechtsprechungen anzupassen. Dies beinhaltet auch Sicherheits- und Datenschutzma\u00dfnahmen zu ver\u00e4ndern, soweit dies wegen der technischen Entwicklung erforderlich ist. In diesen F\u00e4llen werden wir auch unsere Hinweise zum Datenschutz entsprechend anpassen. Bitte beachten Sie daher die jeweils aktuelle Version unserer Datenschutzerkl\u00e4rung.<br><br>Stand: Mai 2018. EU-DSGVO<\/p>\n","protected":false},"excerpt":{"rendered":"<p>AllgemeinesDie Sicherheit Ihrer Daten ist unsere Intention. Wir freuen uns \u00fcber Ihre Beachtung an unserem Unternehmen und unseren Produkten bzw. Dienstleistungen. Wir legen gro\u00dfen Wert darauf, dass Sie sich beim Besuch unserer Internetseiten auch bez\u00fcglich des Schutzes Ihrer personenbezogenen Daten Sicherheit versp\u00fcren. Wir nehmen uns der Sicherheit und den Schutz&#8230;<\/p>\n<p> <a class=\"continue-reading-link\" href=\"https:\/\/hm-weissenseifen.de\/web\/datenschutz\/\"><span>Continue reading<\/span><i class=\"crycon-right-dir\"><\/i><\/a> <\/p>\n","protected":false},"author":1,"featured_media":0,"parent":0,"menu_order":0,"comment_status":"closed","ping_status":"closed","template":"","meta":{"ngg_post_thumbnail":0,"footnotes":""},"class_list":["post-115","page","type-page","status-publish","hentry"],"_links":{"self":[{"href":"https:\/\/hm-weissenseifen.de\/web\/wp-json\/wp\/v2\/pages\/115","targetHints":{"allow":["GET"]}}],"collection":[{"href":"https:\/\/hm-weissenseifen.de\/web\/wp-json\/wp\/v2\/pages"}],"about":[{"href":"https:\/\/hm-weissenseifen.de\/web\/wp-json\/wp\/v2\/types\/page"}],"author":[{"embeddable":true,"href":"https:\/\/hm-weissenseifen.de\/web\/wp-json\/wp\/v2\/users\/1"}],"replies":[{"embeddable":true,"href":"https:\/\/hm-weissenseifen.de\/web\/wp-json\/wp\/v2\/comments?post=115"}],"version-history":[{"count":16,"href":"https:\/\/hm-weissenseifen.de\/web\/wp-json\/wp\/v2\/pages\/115\/revisions"}],"predecessor-version":[{"id":811,"href":"https:\/\/hm-weissenseifen.de\/web\/wp-json\/wp\/v2\/pages\/115\/revisions\/811"}],"wp:attachment":[{"href":"https:\/\/hm-weissenseifen.de\/web\/wp-json\/wp\/v2\/media?parent=115"}],"curies":[{"name":"wp","href":"https:\/\/api.w.org\/{rel}","templated":true}]}}