{"id":146,"date":"2019-07-12T12:21:45","date_gmt":"2019-07-12T10:21:45","guid":{"rendered":"http:\/\/hm-weissenseifen.de\/web\/?page_id=146"},"modified":"2024-11-04T10:04:08","modified_gmt":"2024-11-04T09:04:08","slug":"oeffentlichkeit","status":"publish","type":"page","link":"https:\/\/hm-weissenseifen.de\/web\/oeffentlichkeit\/","title":{"rendered":"\u00d6ffentlichkeit"},"content":{"rendered":"\n<figure class=\"wp-block-image size-large\"><img loading=\"lazy\" decoding=\"async\" width=\"724\" height=\"1024\" src=\"http:\/\/hm-weissenseifen.de\/web\/wp-content\/uploads\/2023\/08\/50-Jahre-Programm-Web-724x1024.jpg\" alt=\"\" class=\"wp-image-1028\" srcset=\"https:\/\/hm-weissenseifen.de\/web\/wp-content\/uploads\/2023\/08\/50-Jahre-Programm-Web-724x1024.jpg 724w, https:\/\/hm-weissenseifen.de\/web\/wp-content\/uploads\/2023\/08\/50-Jahre-Programm-Web-212x300.jpg 212w, https:\/\/hm-weissenseifen.de\/web\/wp-content\/uploads\/2023\/08\/50-Jahre-Programm-Web-768x1086.jpg 768w, https:\/\/hm-weissenseifen.de\/web\/wp-content\/uploads\/2023\/08\/50-Jahre-Programm-Web-1086x1536.jpg 1086w, https:\/\/hm-weissenseifen.de\/web\/wp-content\/uploads\/2023\/08\/50-Jahre-Programm-Web-1448x2048.jpg 1448w, https:\/\/hm-weissenseifen.de\/web\/wp-content\/uploads\/2023\/08\/50-Jahre-Programm-Web-106x150.jpg 106w, https:\/\/hm-weissenseifen.de\/web\/wp-content\/uploads\/2023\/08\/50-Jahre-Programm-Web-scaled.jpg 1810w\" sizes=\"auto, (max-width: 724px) 100vw, 724px\" \/><figcaption class=\"wp-element-caption\">Kartenvorbestellung f\u00fcr das Konzert am 1. September\/19.00 Uhr unter<\/figcaption><\/figure>\n\n\n\n<p><a href=\"http:\/\/www.kulturwerk-eifel.de\">www.kulturwerk-eifel.de<\/a><\/p>\n\n\n\n<p><\/p>\n\n\n\n<hr class=\"wp-block-separator has-css-opacity is-style-wide\"\/>\n\n\n\n<p>F\u00fcr Ihre Festlichkeiten k\u00f6nnen Sie Saal, B\u00fchne, Foyer und Caf\u00e9 mieten.<br>Termine, Konditionen und Preise k\u00f6nnen Sie&nbsp;montags bis donnerstags unter 06594-924310 erfragen.<\/p>\n\n\n\n<p>Saal ca. 80 Pl\u00e4tze<br>Caf\u00e9 ca. 40 Pl\u00e4tze<\/p>\n\n\n\n<div class=\"wp-block-columns is-layout-flex wp-container-core-columns-is-layout-9d6595d7 wp-block-columns-is-layout-flex\">\n<div class=\"wp-block-column is-layout-flow wp-block-column-is-layout-flow\" style=\"flex-basis:100%\">\n<div class=\"wp-block-columns is-layout-flex wp-container-core-columns-is-layout-9d6595d7 wp-block-columns-is-layout-flex\">\n<div class=\"wp-block-column is-vertically-aligned-bottom is-layout-flow wp-block-column-is-layout-flow\" style=\"flex-basis:100%\">\n<figure class=\"wp-block-gallery has-nested-images columns-default is-cropped wp-block-gallery-1 is-layout-flex wp-block-gallery-is-layout-flex\">\n<figure class=\"wp-block-image size-large\"><img loading=\"lazy\" decoding=\"async\" width=\"600\" height=\"450\" data-id=\"1033\" src=\"http:\/\/hm-weissenseifen.de\/web\/wp-content\/uploads\/2023\/08\/Oeffe1.jpg\" alt=\"\" class=\"wp-image-1033\" srcset=\"https:\/\/hm-weissenseifen.de\/web\/wp-content\/uploads\/2023\/08\/Oeffe1.jpg 600w, https:\/\/hm-weissenseifen.de\/web\/wp-content\/uploads\/2023\/08\/Oeffe1-300x225.jpg 300w, https:\/\/hm-weissenseifen.de\/web\/wp-content\/uploads\/2023\/08\/Oeffe1-150x113.jpg 150w\" sizes=\"auto, (max-width: 600px) 100vw, 600px\" \/><\/figure>\n\n\n\n<figure class=\"wp-block-image size-large\"><img loading=\"lazy\" decoding=\"async\" width=\"600\" height=\"450\" data-id=\"1034\" src=\"http:\/\/hm-weissenseifen.de\/web\/wp-content\/uploads\/2023\/08\/Oeffe2.jpg\" alt=\"\" class=\"wp-image-1034\" srcset=\"https:\/\/hm-weissenseifen.de\/web\/wp-content\/uploads\/2023\/08\/Oeffe2.jpg 600w, https:\/\/hm-weissenseifen.de\/web\/wp-content\/uploads\/2023\/08\/Oeffe2-300x225.jpg 300w, https:\/\/hm-weissenseifen.de\/web\/wp-content\/uploads\/2023\/08\/Oeffe2-150x113.jpg 150w\" sizes=\"auto, (max-width: 600px) 100vw, 600px\" \/><\/figure>\n\n\n\n<figure class=\"wp-block-image size-large\"><img loading=\"lazy\" decoding=\"async\" width=\"600\" height=\"450\" data-id=\"1036\" src=\"http:\/\/hm-weissenseifen.de\/web\/wp-content\/uploads\/2023\/08\/Oeffe3.jpg\" alt=\"\" class=\"wp-image-1036\" srcset=\"https:\/\/hm-weissenseifen.de\/web\/wp-content\/uploads\/2023\/08\/Oeffe3.jpg 600w, https:\/\/hm-weissenseifen.de\/web\/wp-content\/uploads\/2023\/08\/Oeffe3-300x225.jpg 300w, https:\/\/hm-weissenseifen.de\/web\/wp-content\/uploads\/2023\/08\/Oeffe3-150x113.jpg 150w\" sizes=\"auto, (max-width: 600px) 100vw, 600px\" \/><\/figure>\n\n\n\n<figure class=\"wp-block-image size-large\"><img loading=\"lazy\" decoding=\"async\" width=\"600\" height=\"450\" data-id=\"1035\" src=\"http:\/\/hm-weissenseifen.de\/web\/wp-content\/uploads\/2023\/08\/Oeffe4.jpg\" alt=\"\" class=\"wp-image-1035\" srcset=\"https:\/\/hm-weissenseifen.de\/web\/wp-content\/uploads\/2023\/08\/Oeffe4.jpg 600w, https:\/\/hm-weissenseifen.de\/web\/wp-content\/uploads\/2023\/08\/Oeffe4-300x225.jpg 300w, https:\/\/hm-weissenseifen.de\/web\/wp-content\/uploads\/2023\/08\/Oeffe4-150x113.jpg 150w\" sizes=\"auto, (max-width: 600px) 100vw, 600px\" \/><\/figure>\n<\/figure>\n<\/div>\n<\/div>\n<\/div>\n<\/div>\n\n\n\n<p><\/p>\n\n\n\n<p><\/p>\n\n\n\n<hr class=\"wp-block-separator aligncenter has-css-opacity is-style-wide\"\/>\n\n\n\n<p><\/p>\n\n\n\n<h2 class=\"wp-block-heading\">Adventsbasar<\/h2>\n\n\n\n<p>Jedes Jahr am 1. Adventsonntag von 10.00 Uhr bis zum Beginn der Dunkelheit&nbsp;findet auf dem Gel\u00e4nde von Haus Michael der Adventsbasar statt. \u00dcber 40 hauseigene und fremde Aussteller&nbsp;mit&nbsp;\u00fcberwiegend&nbsp;handgefertigten Produkten, Tombola,&nbsp;M\u00e4rchenstunde und Leckereien, erfreuen die Besucher.<\/p>\n\n\n\n<p><\/p>\n\n\n\n<figure class=\"wp-block-image size-full\"><img loading=\"lazy\" decoding=\"async\" width=\"613\" height=\"859\" src=\"http:\/\/hm-weissenseifen.de\/web\/wp-content\/uploads\/2024\/11\/flyer_dina4_wm_24.jpg\" alt=\"\" class=\"wp-image-1168\" srcset=\"https:\/\/hm-weissenseifen.de\/web\/wp-content\/uploads\/2024\/11\/flyer_dina4_wm_24.jpg 613w, https:\/\/hm-weissenseifen.de\/web\/wp-content\/uploads\/2024\/11\/flyer_dina4_wm_24-214x300.jpg 214w, https:\/\/hm-weissenseifen.de\/web\/wp-content\/uploads\/2024\/11\/flyer_dina4_wm_24-107x150.jpg 107w\" sizes=\"auto, (max-width: 613px) 100vw, 613px\" \/><\/figure>\n","protected":false},"excerpt":{"rendered":"<p>www.kulturwerk-eifel.de F\u00fcr Ihre Festlichkeiten k\u00f6nnen Sie Saal, B\u00fchne, Foyer und Caf\u00e9 mieten.Termine, Konditionen und Preise k\u00f6nnen Sie&nbsp;montags bis donnerstags unter 06594-924310 erfragen. Saal ca. 80 Pl\u00e4tzeCaf\u00e9 ca. 40 Pl\u00e4tze Adventsbasar Jedes Jahr am 1. Adventsonntag von 10.00 Uhr bis zum Beginn der Dunkelheit&nbsp;findet auf dem Gel\u00e4nde von Haus Michael der&#8230;<\/p>\n<p> <a class=\"continue-reading-link\" href=\"https:\/\/hm-weissenseifen.de\/web\/oeffentlichkeit\/\"><span>Continue reading<\/span><i class=\"crycon-right-dir\"><\/i><\/a> <\/p>\n","protected":false},"author":1,"featured_media":0,"parent":0,"menu_order":0,"comment_status":"closed","ping_status":"closed","template":"","meta":{"ngg_post_thumbnail":0,"footnotes":""},"class_list":["post-146","page","type-page","status-publish","hentry"],"_links":{"self":[{"href":"https:\/\/hm-weissenseifen.de\/web\/wp-json\/wp\/v2\/pages\/146","targetHints":{"allow":["GET"]}}],"collection":[{"href":"https:\/\/hm-weissenseifen.de\/web\/wp-json\/wp\/v2\/pages"}],"about":[{"href":"https:\/\/hm-weissenseifen.de\/web\/wp-json\/wp\/v2\/types\/page"}],"author":[{"embeddable":true,"href":"https:\/\/hm-weissenseifen.de\/web\/wp-json\/wp\/v2\/users\/1"}],"replies":[{"embeddable":true,"href":"https:\/\/hm-weissenseifen.de\/web\/wp-json\/wp\/v2\/comments?post=146"}],"version-history":[{"count":66,"href":"https:\/\/hm-weissenseifen.de\/web\/wp-json\/wp\/v2\/pages\/146\/revisions"}],"predecessor-version":[{"id":1174,"href":"https:\/\/hm-weissenseifen.de\/web\/wp-json\/wp\/v2\/pages\/146\/revisions\/1174"}],"wp:attachment":[{"href":"https:\/\/hm-weissenseifen.de\/web\/wp-json\/wp\/v2\/media?parent=146"}],"curies":[{"name":"wp","href":"https:\/\/api.w.org\/{rel}","templated":true}]}}